3
Let f(c) = -354*c**2 + 9184*c + 404. What is f(26)?
-116
Let j(u) = 8*u**3 - 26*u**2 - 4*u + 433. Calculate j(-3).
-5
Let w(h) = 6868*h + 54660. What is w(-8)?
-284
Let m(b) = 2*b**3 + 139*b**2 - 71905*b - 5028449. What is m(-70)?
1
Let i(l) = -18*l**2 + 3431*l - 5488. What is i(189)?
-7
Let m(n) = n**3 + 380*n**2 - 33603*n - 3187. Give m(-454).
-9
Let i(p) = p**3 - 257*p**2 - 627*p + 95194. Give i(258).
-8
Let t(z) = -6*z**3 + 142*z**2 + 768*z - 1. Determine t(-5).
459
Let p(y) = -89*y**2 + 834*y + 393. What is p(10)?
-167
Let h(r) = -2*r**2 + 3404*r - 91070. Determine h(27).
-620
Let x(a) = -a**3 - 21*a**2 - 65*a + 240. Determine x(-16).
0
Let q(m) = -m**2 - 2489*m - 34621. Determine q(-14).
29
Let l(a) = -1360*a - 189680. Give l(-140).
720
Let l(m) = 2*m**2 + 801*m + 66837. Calculate l(-282).
3
Let x(j) = -11*j**2 + 2209*j - 16960. Calculate x(8).
8
Let s(f) = -2*f**2 - 1318*f - 11691. Calculate s(-9).
9
Let t(y) = 705594*y + 2822345. What is t(-4)?
-31
Let a(m) = -19779*m + 9849942. Determine a(498).
0
Let d(s) = 4*s**2 - 12407*s + 49611. Determine d(4).
47
Let y(g) = 281430*g - 1125549. Determine y(4).
171
Let q(i) = -2*i**3 + 67*i**2 - 530*i - 348. Determine q(20).
-148
Let t(f) = 4*f**3 + 972*f**2 - 973*f + 717. Give t(-244).
-15
Let u(l) = -126*l**2 - 8825*l - 25663. Determine u(-67).
-2
Let p(w) = 187*w + 2455. Determine p(-23).
-1846
Let z(t) = -35*t**2 - 169*t - 634. Determine z(-4).
-518
Let n(w) = -w**3 - 45*w**2 + 448*w + 15727. Determine n(-17).
19
Let v(x) = -x**3 - 239*x**2 + 422*x - 12994. Give v(-241).
1466
Let t(n) = -32*n**2 + 1435*n + 3249. Calculate t(47).
6
Let k(y) = -1679*y + 18604. Give k(11).
135
Let q(d) = 3*d**3 + 9*d**2 + 3*d - 10. What is q(7)?
1481
Let g(i) = -124*i**2 + 177*i + 466. What is g(3)?
-119
Let y(j) = -392*j**2 - 5063*j + 409. What is y(-13)?
-20
Let h(a) = 2253*a**2 - 4488*a - 10. Give h(2).
26
Let n(g) = -12*g**2 - 137*g + 11. Determine n(-14).
-423
Let t(j) = 74207*j + 741763. What is t(-10)?
-307
Let z(d) = 76*d**3 + 23*d**2 + 24*d + 1. What is z(-1)?
-76
Let k(y) = 54961*y - 2912962. Calculate k(53).
-29
Let a(t) = -3*t**2 + 1658*t + 125229. Give a(620).
-11
Let d(l) = 19775*l + 79411. Give d(-4).
311
Let h(c) = 4*c**3 - 1294*c**2 + 3206*c + 754. Determine h(321).
-530
Let d(i) = -162094*i + 4214446. Give d(26).
2
Let g(s) = -222191*s + 1555352. Give g(7).
15
Let n(o) = 678037*o + 1356075. Determine n(-2).
1
Let n(v) = -1089251*v + 3267758. Determine n(3).
5
Let p(n) = -2*n**2 + 4693*n - 803678. What is p(186)?
28
Let g(u) = 30*u**2 - 4*u + 5. Determine g(2).
117
Let p(m) = 274*m + 618. Calculate p(-2).
70
Let f(l) = 4159*l**2 - 45748*l - 20. What is f(11)?
-9
Let o(i) = i**3 - 414*i**2 - 2558*i + 15941. Give o(420).
-19
Let r(w) = -17*w + 1003. Determine r(58).
17
Let p(n) = n**3 - 2*n**2 + 689*n + 3493. Determine p(-5).
-127
Let n(d) = 2*d**2 + 393*d - 1092. What is n(3)?
105
Let n(a) = -1261*a + 26464. Calculate n(21).
-17
Let f(s) = 8*s**3 - 11*s**2 + 2*s + 25. Calculate f(3).
148
Let r(t) = 2*t**2 + 16860*t + 269253. Determine r(-16).
5
Let a(o) = 4*o**3 - 6*o**2 - o + 25. Determine a(-6).
-1049
Let g(k) = -161*k**2 - 3531*k + 244. Calculate g(-22).
2
Let l(y) = y**2 + 4749*y - 100186. Determine l(21).
-16
Let v(a) = -1563619*a + 4690916. Calculate v(3).
59
Let f(z) = -400*z - 78834. Calculate f(-197).
-34
Let j(g) = -101*g - 5066. Give j(-49).
-117
Let m(t) = -18209*t + 28. Determine m(0).
28
Let z(t) = t**2 - 7*t - 977. What is z(30)?
-287
Let o(s) = -813*s + 3204. Give o(4).
-48
Let b(a) = -20758*a - 705736. Determine b(-34).
36
Let j(s) = -89*s - 7425. Calculate j(-40).
-3865
Let n(b) = -70*b + 5798. Give n(82).
58
Let v(g) = -8932729*g - 53596381. Calculate v(-6).
-7
Let z(w) = 8*w**2 - 3586*w + 45399. Determine z(13).
133
Let n(m) = 264*m - 34497. Give n(130).
-177
Let q(k) = 913*k + 48692. Give q(-54).
-610
Let j(g) = g**3 - 1788*g**2 - 21613*g + 5. Calculate j(-12).
161
Let y(x) = 46*x + 1337. Calculate y(-42).
-595
Let a(b) = b**3 - 67*b**2 - 1282*b + 78859. Give a(69).
-77
Let w(x) = x**2 - 3204*x + 221672. Calculate w(71).
-771
Let m(x) = -84246*x - 24684074. Calculate m(-293).
4
Let s(a) = -a**2 - 387012*a + 387010. Calculate s(1).
-3
Let c(p) = p**3 - 14*p**2 - 434*p + 6280. Give c(14).
204
Let k(z) = -7963*z - 142997. What is k(-18)?
337
Let y(m) = -5190*m + 908204. Determine y(175).
-46
Let m(k) = -2*k**3 - 19*k**2 - 280*k - 1173. What is m(-5)?
2
Let m(n) = 7*n**2 - 137*n - 426. Give m(-4).
234
Let s(g) = 72*g**2 + 1530*g - 14227. Give s(7).
11
Let b(i) = 8*i**2 + 82*i - 7. Calculate b(-13).
279
Let t(l) = l**3 + 65*l**2 + 53*l + 1336. Determine t(-63).
5935
Let w(z) = 3*z - 1317. Calculate w(-13).
-1356
Let c(p) = 19*p**3 + 30*p**2 + 101*p + 34. Determine c(-4).
-1106
Let l(f) = 137*f**2 - 318*f + 64. Calculate l(1).
-117
Let r(v) = -4490*v - 3533626. Determine r(-787).
4
Let u(x) = 4*x**3 - 7*x**2 - 62*x + 190. Determine u(7).
785
Let i(v) = 39*v**2 - 230*v + 102. Calculate i(5).
-73
Let t(j) = 1566*j + 34428. Give t(-22).
-24
Let g(s) = s**3 + 82*s**2 + 625*s - 317. What is g(-73)?
2019
Let a(p) = -13*p**2 + 1779*p + 201. Calculate a(137).
-73
Let o(p) = -p**3 - 28*p**2 - 48*p + 147. What is o(-19)?
-2190
Let p(k) = 665*k**2 - 46552*k + 85. What is p(70)?
-55
Let g(p) = 63949*p - 447546. What is g(7)?
97
Let x(o) = -57*o + 12219. Calculate x(223).
-492
Let l(i) = i**3 + 21*i**2 + 67*i + 881. Calculate l(-20).
-59
Let h(i) = -569*i - 11121. Determine h(-20).
259
Let a(s) = -s**3 + 76*s**2 + 1472*s + 85. What is a(92)?
85
Let o(g) = g**3 - 66*g**2 - 286*g + 109. What is o(70)?
-311
Let j(b) = -159*b**2 - 67*b - 22. What is j(0)?
-22
Let u(g) = -5667*g + 283340. What is u(50)?
-10
Let l(d) = d**3 + 11*d**2 - 386*d - 2860. Give l(-7).
38
Let f(c) = c**2 + 4881*c - 14653. What is f(3)?
-1
Let i(g) = -892*g - 18. What is i(-1)?
874
Let c(p) = 212*p**3 - 5982*p - 5985. What is c(-1)?
-215
Let v(z) = z**3 + 93*z**2 - 128*z - 2763. Give v(-94).
433
Let l(x) = -3*x**3 - 224*x**2 - 1309*x - 440. Calculate l(-6).
-2
Let y(k) = -14419*k - 677647. Calculate y(-47).
46
Let c(t) = t**2 - 33928*t + 101780. Determine c(3).
5
Let d(s) = 15174*s + 743466. Give d(-49).
-60
Let f(a) = 3*a**2 - 19351*a - 174393. What is f(-9)?
9
Let p(l) = -6726*l - 262324. Determine p(-39).
-10
Let x(h) = 7*h**3 - 1212*h**2 + 283*h - 19061. Give x(173).
-31
Let c(l) = -l**2 + 181466*l + 4355766. What is c(-24)?
6
Let p(v) = -v**2 + 386*v + 31906. Determine p(-70).
-14
Let n(k) = -102*k - 282. Give n(5).
-792
Let r(t) = -2*t**3 + 269*t**2 - 3352*t + 392777. Calculate r(133).
28
Let g(u) = -23*u**3 - 528*u**2 + 5*u - 48. Determine g(-23).
366
Let u(z) = -930457*z - 4652248. What is u(-5)?
37
Let h(q) = 41952*q + 251765. Give h(-6).
53
Let s(q) = -2192*q - 160216. Calculate s(-73).
-200
Let t(x) = 6230*x + 305269. Calculate t(-49).
-1
Let k(a) = 44121*a - 308835. What is k(7)?
12
Let b(r) = -r**2 - 172*r + 1307. Calculate b(8).
-133
Let v(a) = -a**3 - 353*a**2 - 287*a + 145670. Determine v(-351).
5
Let k(d) = d**2 + 64998*d + 649880. What is k(-10)?
0
Let x(g) = g**3 - 19*g**2 - 131*g + 1648. Determine x(22).
218
Let o(v) = 106*v - 972. Determine o(-13).
-2350
Let o(a) = -a**2 - 1175*a - 7006. Calculate o(-6).
8
Let h(l) = -4726*l - 1488691. What is h(-315)?
-1
Let s(h) = -6*h**3 + 83*h**2 + 12*h + 56. Give s(14).
28
Let g(r) = 756*r**2 - 2280*r + 33. What is g(3)?
-3
Let h(x) = 2*x**3 + 196*x**2 - 76*x - 26197. Give h(-97).
-7
Let w(x) = -x**2 + 47*x + 2022. What is w(69)?
504
Let o(h) = 626*h**2 - 362*h - 360. Calculate o(-1).
628
Let c(v) = v**2 + 102*v + 1244. Calculate c(-88).
12
Let i(g) = 8*g**2 + 828*g + 7484. Determine i(-10).
4
Let a(z) = z**3 - 600*z**2 + 15481*z - 5729. Calculate a(573).
1
Let z(b) = 198*b**3 - 9*b**2 - 84*b + 87. Determine z(1).
192
Let p(g) = 4948*g + 366172. Give p(-74).
20
Let k(f) = -546*f - 7828. Give k(-12).
-1276
Let q(k) = -400*k + 2593. What is q(4)?
993
Let f(l) = -109*l**2 + 476*l - 123. Give f(6).
-1191
Let x(n) = -2*n**2 - 311*n + 10921. Determine x(-185).
6
Let u(z) = -384*z**2 - 912*z + 61. Determine u(-2).
349
Let l(y) = -y**3 + 12*y**2 + 16*y + 11. Give l(14).
-157
Let g(n) = 33*n**3 - 94*n**2 + 70*n - 30. Give g(2).
-2
Let u(m) = 53*m - 4300. Give u(107).
13